0 a multiple of 17?
False
Is 4 a factor of 5912?
True
Is 37 a factor of 6835?
False
Is 50 a factor of 16152?
False
Is 10 a factor of 2226?
False
Is 608 a multiple of 76?
True
Is 25551 a multiple of 19?
False
Is 6784 a multiple of 53?
True
Does 36 divide 670?
False
Is 75 a factor of 2125?
False
Does 67 divide 1340?
True
Is 34195 a multiple of 39?
False
Is 29736 a multiple of 177?
True
Is 37 a factor of 333?
True
Is 1420 a multiple of 14?
False
Is 1921 a multiple of 12?
False
Is 13793 a multiple of 49?
False
Does 31 divide 979?
False
Is 1079 a multiple of 10?
False
Does 7 divide 439?
False
Does 206 divide 34196?
True
Is 10 a factor of 21860?
True
Is 46056 a multiple of 76?
True
Is 13329 a multiple of 98?
False
Is 10349 a multiple of 131?
True
Does 16 divide 51904?
True
Is 27 a factor of 1043?
False
Does 43 divide 5683?
False
Is 4973 a multiple of 3?
False
Does 9 divide 1369?
False
Is 13 a factor of 4005?
False
Is 7 a factor of 816?
False
Does 9 divide 756?
True
Does 46 divide 79457?
False
Is 8679 a multiple of 33?
True
Does 3 divide 9218?
False
Is 39 a factor of 20358?
True
Is 1690 a multiple of 27?
False
Does 31 divide 782?
False
Does 289 divide 35097?
False
Is 621 a multiple of 7?
False
Is 136 a factor of 1632?
True
Is 71 a factor of 497?
True
Is 775 a multiple of 31?
True
Is 9614 a multiple of 23?
True
Does 21 divide 546?
True
Is 25 a factor of 125?
True
Does 99 divide 5062?
False
Is 1812 a multiple of 20?
False
Does 92 divide 24029?
False
Does 14 divide 2226?
True
Is 9 a factor of 14559?
False
Is 74 a multiple of 44?
False
Does 25 divide 50?
True
Does 53 divide 456?
False
Does 22 divide 18393?
False
Does 18 divide 165?
False
Does 93 divide 891?
False
Does 136 divide 7753?
False
Is 15 a factor of 1377?
False
Is 10 a factor of 380?
True
Does 12 divide 2148?
True
Is 1938 a multiple of 34?
True
Does 63 divide 1512?
True
Is 2124 a multiple of 59?
True
Is 5 a factor of 630?
True
Does 20 divide 37312?
False
Is 57 a multiple of 14?
False
Does 13 divide 19747?
True
Is 29 a factor of 12324?
False
Is 69 a factor of 30774?
True
Is 10 a factor of 11797?
False
Does 18 divide 19102?
False
Does 26 divide 529?
False
Does 64 divide 24896?
True
Is 25272 a multiple of 156?
True
Does 21 divide 42?
True
Does 72 divide 482?
False
Is 37 a factor of 597?
False
Is 16580 a multiple of 30?
False
Does 29 divide 8827?
False
Is 5 a factor of 195?
True
Is 11989 a multiple of 19?
True
Does 85 divide 4675?
True
Is 7 a factor of 469?
True
Is 31606 a multiple of 44?
False
Does 4 divide 320?
True
Does 11 divide 870?
False
Is 754 a multiple of 32?
False
Does 11 divide 10010?
True
Does 4 divide 32?
True
Is 44762 a multiple of 40?
False
Does 34 divide 4454?
True
Is 7 a factor of 1575?
True
Is 140 a multiple of 10?
True
Is 15110 a multiple of 62?
False
Does 185 divide 13505?
True
Is 4 a factor of 373?
False
Does 9 divide 5229?
True
Is 2516 a multiple of 34?
True
Is 2 a factor of 1144?
True
Is 6 a factor of 844?
False
Does 20 divide 3518?
False
Is 85 a factor of 1630?
False
Does 11 divide 6468?
True
Is 12 a factor of 69024?
True
Does 27 divide 5913?
True
Is 50 a factor of 2204?
False
Is 1856 a multiple of 64?
True
Is 11718 a multiple of 93?
True
Does 41 divide 1001?
False
Is 884 a multiple of 34?
True
Is 15792 a multiple of 36?
False
Does 13 divide 376?
False
Does 27 divide 1485?
True
Does 21 divide 1260?
True
Is 23 a factor of 2622?
True
Does 14 divide 9009?
False
Does 17 divide 2142?
True
Is 11621 a multiple of 94?
False
Is 135 a multiple of 15?
True
Is 13662 a multiple of 33?
True
Does 4 divide 5132?
True
Is 41475 a multiple of 175?
True
Does 18 divide 628?
False
Is 21 a factor of 134275?
False
Does 76 divide 27575?
False
Does 11 divide 1005?
False
Does 8 divide 1192?
True
Does 8 divide 1048?
True
Is 191 a factor of 24096?
False
Is 135 a factor of 4001?
False
Is 1395 a multiple of 45?
True
Is 11 a factor of 699?
False
Is 84 a multiple of 14?
True
Does 10 divide 188?
False
Does 8 divide 194?
False
Is 5 a factor of 217?
False
Does 8 divide 5390?
False
Is 116 a multiple of 2?
True
Is 6 a factor of 24930?
True
Does 13 divide 923?
True
Is 486 a multiple of 87?
False
Is 5 a factor of 340?
True
Does 9 divide 16011?
True
Does 16 divide 46797?
False
Does 49 divide 206?
False
Is 2652 a multiple of 12?
True
Is 2 a factor of 692?
True
Is 74 a factor of 814?
True
Is 2231 a multiple of 97?
True
Is 98 even?
True
Is 5 a factor of 2053?
False
Does 38 divide 1414?
False
Is 1755 a multiple of 39?
True
Is 21 a factor of 22354?
False
Is 110 a factor of 32010?
True
Does 15 divide 25788?
False
Does 25 divide 42?
False
Is 70 a factor of 8507?
False
Is 35 a factor of 175?
True
Does 3 divide 268?
False
Is 49 a factor of 843?
False
Is 32 a factor of 192?
True
Does 42 divide 294?
True
Is 70563 a multiple of 43?
True
Does 17 divide 1173?
True
Is 13986 a multiple of 9?
True
Is 1807 a multiple of 6?
False
Does 13 divide 4138?
False
Is 19292 a multiple of 13?
True
Is 7 a factor of 812?
True
Is 25440 a multiple of 223?
False
Does 39 divide 1637?
False
Is 3840 a multiple of 12?
True
Is 55 a factor of 287?
False
Does 35 divide 1610?
True
Does 4 divide 2032?
True
Is 19370 a multiple of 53?
False
Is 8281 a multiple of 21?
False
Does 85 divide 6415?
False
Is 59 a factor of 1298?
True
Is 6 a factor of 2061?
False
Is 3608 a multiple of 4?
True
Is 3 a factor of 8871?
True
Is 17234 a multiple of 171?
False
Does 14 divide 850?
False
Is 3761 a multiple of 9?
False
Is 39 a factor of 1327?
False
Is 25970 a multiple of 49?
True
Does 218 divide 20949?
False
Is 133 a factor of 11970?
True
Does 120 divide 17382?
False
Does 6 divide 1176?
True
Is 6 a factor of 415?
False
Is 734 a multiple of 11?
False
Does 35 divide 1015?
True
Is 1436 a multiple of 36?
False
Is 644 a multiple of 11?
False
Is 2875 a multiple of 16?
False
Is 6 a factor of 141?
False
Is 15 a factor of 11686?
False
Is 28 a factor of 594?
False
Is 81 a factor of 934?
False
Is 125 a multiple of 3?
False
Is 20812 a multiple of 86?
True
Is 79 a factor of 35471?
True
Is 2166 a multiple of 19?
True
Is 620 a multiple of 62?
True
Does 31 divide 8990?
True
Is 24 a factor of 21295?
False
Is 14 a factor of 686?
True
Is 69817 a multiple of 141?
False
Does 44 divide 4136?
True
Is 4 a factor of 252?
True
Does 27 divide 1566?
True
Is 200 a factor of 87000?
True
Is 16260 a multiple of 20?
True
Is 6 a factor of 4476?
True
Is 5 a factor of 420?
True
Is 91575 a multiple of 37?
True
Is 51862 a multiple of 25?
False
Does 53 divide 1147?
False
Is 9 a factor of 30833?
False
Is 798 a multiple of 14?
True
Is 4 a factor of 67?
False
Is 12 a factor of 4584?
True
Is 559 a multiple of 13?
True
Does 15 divide 46065?
True
Is 8 a factor of 207?
False
Does 41 divide 20222?
False
Is 16 a factor of 856?
False
Does 24 divide 504?
True
Is 336 a multiple of 56?
True
Does 99 divide 1584?
True
Is 11452 a multiple of 4?
True
Does 84 divide 2520?
True
Does 24 divide 1560?
True
Does 6 divide 958?
False
Does 53 divide 27591?
False
Does 44 divide 1693?
False
Is 9 a factor of 639?
True
Does 10 divide 5692?
False
Is 10 a factor of 17893?
False
Is 12271 a multiple of 36?
False
Does 52 divide 81692?
True
Is 6409 a multiple of 17?
True
Does 16 divide 7259?
False
Does 4 divide 643?
False
Is 9744 a multiple of 28?
True
Is 14 a factor of 126?
True
Is 3071 a multiple of 37?
True
Is 3080 a multiple of 10?
True
Is 1405 a multiple of 62?
False
Does 5 divide 1460?
True
Is 644 a multiple of 23?
True
Is 26710 a multiple of 139?
False
Is 13 a factor of 422?
False
Does 9 divide 2027?
False
Is 9 a factor of 15480?
True
Is 247 a factor of 73359?
True
Does 5 divide 4288?
False
Is 9936 a multiple of 27?
True
Is 20703 a multiple of 201?
True
Is 202 a factor of 53934?
True
Is 3654 a multiple of 39?
False
Is 4428 a multiple of 107?
False
Does 3 divide 4680?
True
Is 5864 a multiple of 64?
False
Is 1080 a multiple of 5?
True
Is 31 a factor of 11987?
False
Is 112 a multiple of 14?
True
Is 11 a factor of 16753?
True
Is 19987 a multiple of 23?
True
Is 126 a factor of 83790?
True
Is 478 a multiple of 36?
False
Is 3 a factor of 384?
True
Is 1386 a multiple of 6?
True
Does 18 divide 3186?
True
Does 86 divide 546?
False
Is 410 a multiple of 25?
False
Does 128 divide 42387?
False
Is 5 a factor of 17915?
True
Is 8673 a multiple of 59?
True
